{"id":201,"date":"2024-12-08T15:33:52","date_gmt":"2024-12-08T14:33:52","guid":{"rendered":"https:\/\/www.pixll.fr\/?page_id=201"},"modified":"2025-01-03T16:07:56","modified_gmt":"2025-01-03T15:07:56","slug":"photo-2","status":"publish","type":"page","link":"https:\/\/www.pixll.fr\/?page_id=201","title":{"rendered":"Taprobane"},"content":{"rendered":"\n<div class=\"wp-block-group alignfull has-large-font-size has-global-padding is-layout-constrained wp-container-core-group-is-layout-c1814298 wp-block-group-is-layout-constrained\" style=\"padding-top:0;padding-right:0;padding-bottom:0;padding-left:0\">\n<h2 class=\"wp-block-heading has-text-align-center\"><a href=\"https:\/\/www.compagnie-taprobane.com\/\"><img loading=\"lazy\" decoding=\"async\" width=\"300\" height=\"300\" class=\"wp-image-385\" style=\"width: 300px;\" src=\"https:\/\/www.pixll.fr\/wp-content\/uploads\/2025\/01\/Cie-Taprobane.jpg\" alt=\"\" srcset=\"https:\/\/www.pixll.fr\/wp-content\/uploads\/2025\/01\/Cie-Taprobane.jpg 1613w, https:\/\/www.pixll.fr\/wp-content\/uploads\/2025\/01\/Cie-Taprobane-300x300.jpg 300w, https:\/\/www.pixll.fr\/wp-content\/uploads\/2025\/01\/Cie-Taprobane-1024x1024.jpg 1024w, https:\/\/www.pixll.fr\/wp-content\/uploads\/2025\/01\/Cie-Taprobane-150x150.jpg 150w, https:\/\/www.pixll.fr\/wp-content\/uploads\/2025\/01\/Cie-Taprobane-768x768.jpg 768w, https:\/\/www.pixll.fr\/wp-content\/uploads\/2025\/01\/Cie-Taprobane-1536x1536.jpg 1536w\" sizes=\"auto, (max-width: 300px) 100vw, 300px\" \/><\/a><\/h2>\n\n\n\n<h2 class=\"wp-block-heading has-text-align-center\"><strong>Taprobane est une compagnie professionnelle sp\u00e9cialis\u00e9e dans l&rsquo;\u00e9v\u00e8nementiel, la cascade, le th\u00e9\u00e2tre, l&rsquo;escrime artistique et la jonglerie de feu.<\/strong><\/h2>\n\n\n\n<blockquote class=\"wp-block-quote is-layout-flow wp-block-quote-is-layout-flow\">\n<p><\/p>\n<\/blockquote>\n\n\n\n<div class=\"wp-block-columns alignfull is-layout-flex wp-container-core-columns-is-layout-61552176 wp-block-columns-is-layout-flex\" style=\"margin-top:0;margin-bottom:0;padding-right:0;padding-left:0\">\n<div class=\"wp-block-column is-layout-flow wp-container-core-column-is-layout-538237de wp-block-column-is-layout-flow\" style=\"border-radius:0px;padding-top:var(--wp--preset--spacing--20);padding-right:var(--wp--preset--spacing--20);padding-bottom:var(--wp--preset--spacing--20);padding-left:var(--wp--preset--spacing--20)\">\n<div class=\"wp-block-group is-vertical is-content-justification-center is-layout-flex wp-container-core-group-is-layout-67b38097 wp-block-group-is-layout-flex\" style=\"border-radius:16px;padding-top:var(--wp--preset--spacing--20);padding-right:var(--wp--preset--spacing--20);padding-bottom:var(--wp--preset--spacing--20);padding-left:var(--wp--preset--spacing--20);box-shadow:var(--wp--preset--shadow--deep)\">\n<p class=\"has-text-align-center has-medium-font-size\"><\/p>\n\n\n\n<figure data-wp-context=\"{&quot;imageId&quot;:&quot;69dcff697da50&quot;}\" data-wp-interactive=\"core\/image\" data-wp-key=\"69dcff697da50\" class=\"wp-block-image size-full is-style-default wp-lightbox-container\"><img loading=\"lazy\" decoding=\"async\" width=\"2560\" height=\"1705\" data-wp-class--hide=\"state.isContentHidden\" data-wp-class--show=\"state.isContentVisible\" data-wp-init=\"callbacks.setButtonStyles\" data-wp-on--click=\"actions.showLightbox\" data-wp-on--load=\"callbacks.setButtonStyles\" data-wp-on-window--resize=\"callbacks.setButtonStyles\" src=\"https:\/\/www.pixll.fr\/wp-content\/uploads\/2024\/12\/IMG_9589-scaled.jpg\" alt=\"\" class=\"wp-image-179\" srcset=\"https:\/\/www.pixll.fr\/wp-content\/uploads\/2024\/12\/IMG_9589-scaled.jpg 2560w, https:\/\/www.pixll.fr\/wp-content\/uploads\/2024\/12\/IMG_9589-300x200.jpg 300w, https:\/\/www.pixll.fr\/wp-content\/uploads\/2024\/12\/IMG_9589-1024x682.jpg 1024w, https:\/\/www.pixll.fr\/wp-content\/uploads\/2024\/12\/IMG_9589-768x511.jpg 768w, https:\/\/www.pixll.fr\/wp-content\/uploads\/2024\/12\/IMG_9589-1536x1023.jpg 1536w, https:\/\/www.pixll.fr\/wp-content\/uploads\/2024\/12\/IMG_9589-2048x1364.jpg 2048w\" sizes=\"auto, (max-width: 2560px) 100vw, 2560px\" \/><button\n\t\t\tclass=\"lightbox-trigger\"\n\t\t\ttype=\"button\"\n\t\t\taria-haspopup=\"dialog\"\n\t\t\taria-label=\"Agrandir\"\n\t\t\tdata-wp-init=\"callbacks.initTriggerButton\"\n\t\t\tdata-wp-on--click=\"actions.showLightbox\"\n\t\t\tdata-wp-style--right=\"state.imageButtonRight\"\n\t\t\tdata-wp-style--top=\"state.imageButtonTop\"\n\t\t>\n\t\t\t<svg xmlns=\"http:\/\/www.w3.org\/2000\/svg\" width=\"12\" height=\"12\" fill=\"none\" viewBox=\"0 0 12 12\">\n\t\t\t\t<path fill=\"#fff\" d=\"M2 0a2 2 0 0 0-2 2v2h1.5V2a.5.5 0 0 1 .5-.5h2V0H2Zm2 10.5H2a.5.5 0 0 1-.5-.5V8H0v2a2 2 0 0 0 2 2h2v-1.5ZM8 12v-1.5h2a.5.5 0 0 0 .5-.5V8H12v2a2 2 0 0 1-2 2H8Zm2-12a2 2 0 0 1 2 2v2h-1.5V2a.5.5 0 0 0-.5-.5H8V0h2Z\" \/>\n\t\t\t<\/svg>\n\t\t<\/button><\/figure>\n<\/div>\n<\/div>\n\n\n\n<div class=\"wp-block-column is-layout-flow wp-container-core-column-is-layout-538237de wp-block-column-is-layout-flow\" style=\"border-radius:0px;padding-top:var(--wp--preset--spacing--20);padding-right:var(--wp--preset--spacing--20);padding-bottom:var(--wp--preset--spacing--20);padding-left:var(--wp--preset--spacing--20)\">\n<div class=\"wp-block-group is-vertical is-content-justification-center is-layout-flex wp-container-core-group-is-layout-67b38097 wp-block-group-is-layout-flex\" style=\"border-radius:16px;padding-top:var(--wp--preset--spacing--20);padding-right:var(--wp--preset--spacing--20);padding-bottom:var(--wp--preset--spacing--20);padding-left:var(--wp--preset--spacing--20);box-shadow:var(--wp--preset--shadow--deep)\">\n<p class=\"has-text-align-center has-medium-font-size\"><\/p>\n\n\n\n<figure data-wp-context=\"{&quot;imageId&quot;:&quot;69dcff697e7ff&quot;}\" data-wp-interactive=\"core\/image\" data-wp-key=\"69dcff697e7ff\" class=\"wp-block-image size-full wp-lightbox-container\"><img loading=\"lazy\" decoding=\"async\" width=\"1705\" height=\"2560\" data-wp-class--hide=\"state.isContentHidden\" data-wp-class--show=\"state.isContentVisible\" data-wp-init=\"callbacks.setButtonStyles\" data-wp-on--click=\"actions.showLightbox\" data-wp-on--load=\"callbacks.setButtonStyles\" data-wp-on-window--resize=\"callbacks.setButtonStyles\" src=\"https:\/\/www.pixll.fr\/wp-content\/uploads\/2024\/12\/IMG_9613-scaled.jpg\" alt=\"\" class=\"wp-image-180\" srcset=\"https:\/\/www.pixll.fr\/wp-content\/uploads\/2024\/12\/IMG_9613-scaled.jpg 1705w, https:\/\/www.pixll.fr\/wp-content\/uploads\/2024\/12\/IMG_9613-200x300.jpg 200w, https:\/\/www.pixll.fr\/wp-content\/uploads\/2024\/12\/IMG_9613-682x1024.jpg 682w, https:\/\/www.pixll.fr\/wp-content\/uploads\/2024\/12\/IMG_9613-768x1153.jpg 768w, https:\/\/www.pixll.fr\/wp-content\/uploads\/2024\/12\/IMG_9613-1023x1536.jpg 1023w, https:\/\/www.pixll.fr\/wp-content\/uploads\/2024\/12\/IMG_9613-1364x2048.jpg 1364w\" sizes=\"auto, (max-width: 1705px) 100vw, 1705px\" \/><button\n\t\t\tclass=\"lightbox-trigger\"\n\t\t\ttype=\"button\"\n\t\t\taria-haspopup=\"dialog\"\n\t\t\taria-label=\"Agrandir\"\n\t\t\tdata-wp-init=\"callbacks.initTriggerButton\"\n\t\t\tdata-wp-on--click=\"actions.showLightbox\"\n\t\t\tdata-wp-style--right=\"state.imageButtonRight\"\n\t\t\tdata-wp-style--top=\"state.imageButtonTop\"\n\t\t>\n\t\t\t<svg xmlns=\"http:\/\/www.w3.org\/2000\/svg\" width=\"12\" height=\"12\" fill=\"none\" viewBox=\"0 0 12 12\">\n\t\t\t\t<path fill=\"#fff\" d=\"M2 0a2 2 0 0 0-2 2v2h1.5V2a.5.5 0 0 1 .5-.5h2V0H2Zm2 10.5H2a.5.5 0 0 1-.5-.5V8H0v2a2 2 0 0 0 2 2h2v-1.5ZM8 12v-1.5h2a.5.5 0 0 0 .5-.5V8H12v2a2 2 0 0 1-2 2H8Zm2-12a2 2 0 0 1 2 2v2h-1.5V2a.5.5 0 0 0-.5-.5H8V0h2Z\" \/>\n\t\t\t<\/svg>\n\t\t<\/button><\/figure>\n<\/div>\n<\/div>\n\n\n\n<div class=\"wp-block-column is-layout-flow wp-container-core-column-is-layout-538237de wp-block-column-is-layout-flow\" style=\"border-radius:0px;padding-top:var(--wp--preset--spacing--20);padding-right:var(--wp--preset--spacing--20);padding-bottom:var(--wp--preset--spacing--20);padding-left:var(--wp--preset--spacing--20)\">\n<div class=\"wp-block-group is-vertical is-content-justification-center is-layout-flex wp-container-core-group-is-layout-67b38097 wp-block-group-is-layout-flex\" style=\"border-radius:16px;padding-top:var(--wp--preset--spacing--20);padding-right:var(--wp--preset--spacing--20);padding-bottom:var(--wp--preset--spacing--20);padding-left:var(--wp--preset--spacing--20);box-shadow:var(--wp--preset--shadow--deep)\">\n<p class=\"has-text-align-center has-medium-font-size\"><\/p>\n\n\n\n<figure data-wp-context=\"{&quot;imageId&quot;:&quot;69dcff697f4e2&quot;}\" data-wp-interactive=\"core\/image\" data-wp-key=\"69dcff697f4e2\" class=\"wp-block-image size-full wp-lightbox-container\"><img loading=\"lazy\" decoding=\"async\" width=\"1705\" height=\"2560\" data-wp-class--hide=\"state.isContentHidden\" data-wp-class--show=\"state.isContentVisible\" data-wp-init=\"callbacks.setButtonStyles\" data-wp-on--click=\"actions.showLightbox\" data-wp-on--load=\"callbacks.setButtonStyles\" data-wp-on-window--resize=\"callbacks.setButtonStyles\" src=\"https:\/\/www.pixll.fr\/wp-content\/uploads\/2024\/12\/IMG_9756-scaled.jpg\" alt=\"\" class=\"wp-image-181\" srcset=\"https:\/\/www.pixll.fr\/wp-content\/uploads\/2024\/12\/IMG_9756-scaled.jpg 1705w, https:\/\/www.pixll.fr\/wp-content\/uploads\/2024\/12\/IMG_9756-200x300.jpg 200w, https:\/\/www.pixll.fr\/wp-content\/uploads\/2024\/12\/IMG_9756-682x1024.jpg 682w, https:\/\/www.pixll.fr\/wp-content\/uploads\/2024\/12\/IMG_9756-768x1153.jpg 768w, https:\/\/www.pixll.fr\/wp-content\/uploads\/2024\/12\/IMG_9756-1023x1536.jpg 1023w, https:\/\/www.pixll.fr\/wp-content\/uploads\/2024\/12\/IMG_9756-1364x2048.jpg 1364w\" sizes=\"auto, (max-width: 1705px) 100vw, 1705px\" \/><button\n\t\t\tclass=\"lightbox-trigger\"\n\t\t\ttype=\"button\"\n\t\t\taria-haspopup=\"dialog\"\n\t\t\taria-label=\"Agrandir\"\n\t\t\tdata-wp-init=\"callbacks.initTriggerButton\"\n\t\t\tdata-wp-on--click=\"actions.showLightbox\"\n\t\t\tdata-wp-style--right=\"state.imageButtonRight\"\n\t\t\tdata-wp-style--top=\"state.imageButtonTop\"\n\t\t>\n\t\t\t<svg xmlns=\"http:\/\/www.w3.org\/2000\/svg\" width=\"12\" height=\"12\" fill=\"none\" viewBox=\"0 0 12 12\">\n\t\t\t\t<path fill=\"#fff\" d=\"M2 0a2 2 0 0 0-2 2v2h1.5V2a.5.5 0 0 1 .5-.5h2V0H2Zm2 10.5H2a.5.5 0 0 1-.5-.5V8H0v2a2 2 0 0 0 2 2h2v-1.5ZM8 12v-1.5h2a.5.5 0 0 0 .5-.5V8H12v2a2 2 0 0 1-2 2H8Zm2-12a2 2 0 0 1 2 2v2h-1.5V2a.5.5 0 0 0-.5-.5H8V0h2Z\" \/>\n\t\t\t<\/svg>\n\t\t<\/button><\/figure>\n<\/div>\n<\/div>\n\n\n\n<div class=\"wp-block-column is-layout-flow wp-container-core-column-is-layout-538237de wp-block-column-is-layout-flow\" style=\"border-radius:0px;padding-top:var(--wp--preset--spacing--20);padding-right:var(--wp--preset--spacing--20);padding-bottom:var(--wp--preset--spacing--20);padding-left:var(--wp--preset--spacing--20)\">\n<div class=\"wp-block-group is-vertical is-content-justification-center is-layout-flex wp-container-core-group-is-layout-67b38097 wp-block-group-is-layout-flex\" style=\"border-radius:16px;padding-top:var(--wp--preset--spacing--20);padding-right:var(--wp--preset--spacing--20);padding-bottom:var(--wp--preset--spacing--20);padding-left:var(--wp--preset--spacing--20);box-shadow:var(--wp--preset--shadow--deep)\">\n<p class=\"has-text-align-center has-medium-font-size\"><\/p>\n\n\n\n<figure data-wp-context=\"{&quot;imageId&quot;:&quot;69dcff69801b7&quot;}\" data-wp-interactive=\"core\/image\" data-wp-key=\"69dcff69801b7\" class=\"wp-block-image size-full wp-lightbox-container\"><img loading=\"lazy\" decoding=\"async\" width=\"2560\" height=\"1705\" data-wp-class--hide=\"state.isContentHidden\" data-wp-class--show=\"state.isContentVisible\" data-wp-init=\"callbacks.setButtonStyles\" data-wp-on--click=\"actions.showLightbox\" data-wp-on--load=\"callbacks.setButtonStyles\" data-wp-on-window--resize=\"callbacks.setButtonStyles\" src=\"https:\/\/www.pixll.fr\/wp-content\/uploads\/2024\/12\/IMG_9763-scaled.jpg\" alt=\"\" class=\"wp-image-182\" srcset=\"https:\/\/www.pixll.fr\/wp-content\/uploads\/2024\/12\/IMG_9763-scaled.jpg 2560w, https:\/\/www.pixll.fr\/wp-content\/uploads\/2024\/12\/IMG_9763-300x200.jpg 300w, https:\/\/www.pixll.fr\/wp-content\/uploads\/2024\/12\/IMG_9763-1024x682.jpg 1024w, https:\/\/www.pixll.fr\/wp-content\/uploads\/2024\/12\/IMG_9763-768x511.jpg 768w, https:\/\/www.pixll.fr\/wp-content\/uploads\/2024\/12\/IMG_9763-1536x1023.jpg 1536w, https:\/\/www.pixll.fr\/wp-content\/uploads\/2024\/12\/IMG_9763-2048x1364.jpg 2048w\" sizes=\"auto, (max-width: 2560px) 100vw, 2560px\" \/><button\n\t\t\tclass=\"lightbox-trigger\"\n\t\t\ttype=\"button\"\n\t\t\taria-haspopup=\"dialog\"\n\t\t\taria-label=\"Agrandir\"\n\t\t\tdata-wp-init=\"callbacks.initTriggerButton\"\n\t\t\tdata-wp-on--click=\"actions.showLightbox\"\n\t\t\tdata-wp-style--right=\"state.imageButtonRight\"\n\t\t\tdata-wp-style--top=\"state.imageButtonTop\"\n\t\t>\n\t\t\t<svg xmlns=\"http:\/\/www.w3.org\/2000\/svg\" width=\"12\" height=\"12\" fill=\"none\" viewBox=\"0 0 12 12\">\n\t\t\t\t<path fill=\"#fff\" d=\"M2 0a2 2 0 0 0-2 2v2h1.5V2a.5.5 0 0 1 .5-.5h2V0H2Zm2 10.5H2a.5.5 0 0 1-.5-.5V8H0v2a2 2 0 0 0 2 2h2v-1.5ZM8 12v-1.5h2a.5.5 0 0 0 .5-.5V8H12v2a2 2 0 0 1-2 2H8Zm2-12a2 2 0 0 1 2 2v2h-1.5V2a.5.5 0 0 0-.5-.5H8V0h2Z\" \/>\n\t\t\t<\/svg>\n\t\t<\/button><\/figure>\n<\/div>\n<\/div>\n\n\n\n<div class=\"wp-block-column is-layout-flow wp-container-core-column-is-layout-538237de wp-block-column-is-layout-flow\" style=\"border-radius:0px;padding-top:var(--wp--preset--spacing--20);padding-right:var(--wp--preset--spacing--20);padding-bottom:var(--wp--preset--spacing--20);padding-left:var(--wp--preset--spacing--20)\">\n<div class=\"wp-block-group is-vertical is-content-justification-center is-layout-flex wp-container-core-group-is-layout-67b38097 wp-block-group-is-layout-flex\" style=\"border-radius:16px;padding-top:var(--wp--preset--spacing--20);padding-right:var(--wp--preset--spacing--20);padding-bottom:var(--wp--preset--spacing--20);padding-left:var(--wp--preset--spacing--20);box-shadow:var(--wp--preset--shadow--deep)\">\n<p class=\"has-text-align-center has-medium-font-size\"><\/p>\n\n\n\n<figure data-wp-context=\"{&quot;imageId&quot;:&quot;69dcff6980eab&quot;}\" data-wp-interactive=\"core\/image\" data-wp-key=\"69dcff6980eab\" class=\"wp-block-image size-full wp-lightbox-container\"><img loading=\"lazy\" decoding=\"async\" width=\"2560\" height=\"1705\" data-wp-class--hide=\"state.isContentHidden\" data-wp-class--show=\"state.isContentVisible\" data-wp-init=\"callbacks.setButtonStyles\" data-wp-on--click=\"actions.showLightbox\" data-wp-on--load=\"callbacks.setButtonStyles\" data-wp-on-window--resize=\"callbacks.setButtonStyles\" src=\"https:\/\/www.pixll.fr\/wp-content\/uploads\/2024\/12\/IMG_9802-scaled.jpg\" alt=\"\" class=\"wp-image-183\" srcset=\"https:\/\/www.pixll.fr\/wp-content\/uploads\/2024\/12\/IMG_9802-scaled.jpg 2560w, https:\/\/www.pixll.fr\/wp-content\/uploads\/2024\/12\/IMG_9802-300x200.jpg 300w, https:\/\/www.pixll.fr\/wp-content\/uploads\/2024\/12\/IMG_9802-1024x682.jpg 1024w, https:\/\/www.pixll.fr\/wp-content\/uploads\/2024\/12\/IMG_9802-768x511.jpg 768w, https:\/\/www.pixll.fr\/wp-content\/uploads\/2024\/12\/IMG_9802-1536x1023.jpg 1536w, https:\/\/www.pixll.fr\/wp-content\/uploads\/2024\/12\/IMG_9802-2048x1364.jpg 2048w\" sizes=\"auto, (max-width: 2560px) 100vw, 2560px\" \/><button\n\t\t\tclass=\"lightbox-trigger\"\n\t\t\ttype=\"button\"\n\t\t\taria-haspopup=\"dialog\"\n\t\t\taria-label=\"Agrandir\"\n\t\t\tdata-wp-init=\"callbacks.initTriggerButton\"\n\t\t\tdata-wp-on--click=\"actions.showLightbox\"\n\t\t\tdata-wp-style--right=\"state.imageButtonRight\"\n\t\t\tdata-wp-style--top=\"state.imageButtonTop\"\n\t\t>\n\t\t\t<svg xmlns=\"http:\/\/www.w3.org\/2000\/svg\" width=\"12\" height=\"12\" fill=\"none\" viewBox=\"0 0 12 12\">\n\t\t\t\t<path fill=\"#fff\" d=\"M2 0a2 2 0 0 0-2 2v2h1.5V2a.5.5 0 0 1 .5-.5h2V0H2Zm2 10.5H2a.5.5 0 0 1-.5-.5V8H0v2a2 2 0 0 0 2 2h2v-1.5ZM8 12v-1.5h2a.5.5 0 0 0 .5-.5V8H12v2a2 2 0 0 1-2 2H8Zm2-12a2 2 0 0 1 2 2v2h-1.5V2a.5.5 0 0 0-.5-.5H8V0h2Z\" \/>\n\t\t\t<\/svg>\n\t\t<\/button><\/figure>\n<\/div>\n<\/div>\n<\/div>\n<\/div>\n","protected":false},"excerpt":{"rendered":"<p>Taprobane est une compagnie professionnelle sp\u00e9cialis\u00e9e dans l&rsquo;\u00e9v\u00e8nementiel, la cascade, le th\u00e9\u00e2tre, l&rsquo;escrime artistique et la jonglerie de feu.<\/p>\n","protected":false},"author":1,"featured_media":27,"parent":0,"menu_order":0,"comment_status":"closed","ping_status":"closed","template":"","meta":{"footnotes":""},"class_list":["post-201","page","type-page","status-publish","has-post-thumbnail","hentry"],"_links":{"self":[{"href":"https:\/\/www.pixll.fr\/index.php?rest_route=\/wp\/v2\/pages\/201","targetHints":{"allow":["GET"]}}],"collection":[{"href":"https:\/\/www.pixll.fr\/index.php?rest_route=\/wp\/v2\/pages"}],"about":[{"href":"https:\/\/www.pixll.fr\/index.php?rest_route=\/wp\/v2\/types\/page"}],"author":[{"embeddable":true,"href":"https:\/\/www.pixll.fr\/index.php?rest_route=\/wp\/v2\/users\/1"}],"replies":[{"embeddable":true,"href":"https:\/\/www.pixll.fr\/index.php?rest_route=%2Fwp%2Fv2%2Fcomments&post=201"}],"version-history":[{"count":8,"href":"https:\/\/www.pixll.fr\/index.php?rest_route=\/wp\/v2\/pages\/201\/revisions"}],"predecessor-version":[{"id":387,"href":"https:\/\/www.pixll.fr\/index.php?rest_route=\/wp\/v2\/pages\/201\/revisions\/387"}],"wp:featuredmedia":[{"embeddable":true,"href":"https:\/\/www.pixll.fr\/index.php?rest_route=\/wp\/v2\/media\/27"}],"wp:attachment":[{"href":"https:\/\/www.pixll.fr\/index.php?rest_route=%2Fwp%2Fv2%2Fmedia&parent=201"}],"curies":[{"name":"wp","href":"https:\/\/api.w.org\/{rel}","templated":true}]}}